
321211
In base 3, what is -20020221 + 12?
-20020202
In base 10, what is 12 - -91343?
91355
In base 2, what is -101 - 1000100101110010010?
-1000100101110010111
In base 11, what is 4 + -398826?
-398822
In base 7, what is -1100 + 53?
-1014
In base 12, what is 1738 + 51?
1789
In base 7, what is 0 + -13033?
-13033
In base 4, what is -3030 - -10?
-3020
In base 14, what is 6845b + 4?
68461
In base 5, what is -12430040 + -2?
-12430042
In base 12, what is -255 + 116a?
b15
In base 2, what is -100 - -111011110101110101?
111011110101110001
In base 13, what is 9 - 8b4?
-8a8
In base 10, what is -2 - -1187965?
1187963
In base 14, what is -308c5b - -1?
-308c5a
In base 3, what is 20112121120 - 11?
20112121102
In base 6, what is -30213540 + 1?
-30213535
In base 9, what is 5 + -624314?
-624308
In base 8, what is 246204 - -5?
246211
In base 15, what is 16 + 7e12?
7e28
In base 9, what is 33532 + 7?
33540
In base 2, what is -111111100100000000 + 1?
-111111100011111111
In base 2, what is -1011 - 111001001111000010?
-111001001111001101
In base 14, what is -389 - -118?
-271
In base 12, what is 6323b5 - -5?
6323ba
In base 14, what is -2b06 - 3?
-2b09
In base 2, what is 10101011 - 11101101010?
-11010111111
In base 9, what is -3106 + -166?
-3273
In base 2, what is -1000000010 - 10101000?
-1010101010
In base 13, what is -11 + 8830?
881c
In base 16, what is -32 + -f3b?
-f6d
In base 14, what is c7465 - -5?
c746a
In base 11, what is 1a505 + -64?
1a451
In base 14, what is -41 + 3ba?
379
In base 7, what is 1032 + 55?
1120
In base 13, what is -4b6b + -7?
-4b75
In base 3, what is -11212002 + -1?
-11212010
In base 8, what is -2 + 1023400?
1023376
In base 15, what is -65b - -3e?
-61c
In base 16, what is 2 + 5b7a?
5b7c
In base 8, what is -3105675 - -4?
-3105671
In base 11, what is -1a9 + 14351?
14153
In base 8, what is -5 + 1326534?
1326527
In base 10, what is -10213 + 1?
-10212
In base 16, what is 26 + -2d7c?
-2d56
In base 12, what is -2 - 4593a0?
-4593a2
In base 10, what is 129 - 504?
-375
In base 10, what is -957 - -175?
-782
In base 3, what is 2020120 + 200?
2021020
In base 11, what is 0 - -23375?
23375
In base 12, what is -52 - 8166?
-81b8
In base 4, what is 300131 - 100103?
200022
In base 14, what is 8 - 528?
-520
In base 5, what is 23131434 + -2?
23131432
In base 8, what is 55 - -651?
726
In base 6, what is -25 + -12255?
-12324
In base 12, what is -47788 + -3?
-4778b
In base 14, what is -28 - -3455?
342b
In base 2, what is -11000001 - 1011011011100?
-1011110011101
In base 5, what is -1214404 - -1?
-1214403
In base 9, what is 26608 + -35?
26563
In base 5, what is 4 - 301420?
-301411
In base 8, what is -140 - -15336?
15176
In base 3, what is 1012 - -221102020?
221110102
In base 6, what is 5 - -200242?
200251
In base 8, what is -711251 + -5?
-711256
In base 14, what is -11763 + -8?
-1176b
In base 9, what is 38828 + -1?
38827
In base 9, what is -4 + -170458?
-170463
In base 10, what is -3 + 8188?
8185
In base 11, what is -11 - 1074?
-1085
In base 13, what is -1632c + -47?
-16376
In base 11, what is -11a3 - 2a?
-1222
In base 6, what is 5 - 21234?
-21225
In base 6, what is -23513420 - 5?
-23513425
In base 14, what is -c1cba - -3?
-c1cb7
In base 12, what is -54335 + -2?
-54337
In base 16, what is 14 + -f32?
-f1e
In base 3, what is 1222200121 + 0?
1222200121
In base 2, what is -1000111111111011111101 - 0?
-1000111111111011111101
In base 9, what is -6868 + 170?
-6688
In base 8, what is 55 + -1?
54
In base 12, what is -16b05 + 9?
-16ab8
In base 10, what is 9 + -46631?
-46622
In base 6, what is -2320 + 43445?
41125
In base 2, what is 101101011001100010110 + -100?
101101011001100010010
In base 8, what is 2 + -1236?
-1234
In base 4, what is -1213 + 33201?
31322
In base 5, what is -30244 + 113?
-30131
In base 2, what is -111 + -10011100110100?
-10011100111011
In base 16, what is -2fca + 11?
-2fb9
In base 11, what is -122 - -33?
-9a
In base 2, what is -11 + 1010110001101010011?
1010110001101010000
In base 6, what is 0 + -153100?
-153100
In base 10, what is -44019 - -5?
-44014
In base 7, what is -234 + 115?
-116
In base 3, what is 201210 + 2001010?
2202220
In base 8, what is -313333 - 13?
-313346
In base 3, what is -11 + 1201212201210?
1201212201122
In base 5, what is 421 - 14021?
-13100
In base 6, what is -12003 + 134?
-11425
In base 5, what is 21 + 3332401?
3332422
In base 6, what is -5 + 245420?
245411
In base 10, what is -1 + 114234?
114233
In base 7, what is 1631160 - -2?
1631162
In base 3, what is 2 + 10201021012?
10201021021
In base 9, what is 22173 + -11?
22162
In base 12, what is -42 + -1146?
-1188
In base 10, what is -146 - 537?
-683
In base 16, what is -48 - -ae?
66
In base 9, what is -88665 + -2?
-88667
In base 11, what is -27066 + -3?
-27069
In base 7, what is -1121333 - 23?
-1121356
In base 4, what is -10223 - 1223?
-12112
In base 13, what is -15 + -29a71?
-29a86
In base 7, what is 1436 - 3514?
-2045
In base 2, what is -11010010 + 1000100000?
101001110
In base 8, what is 2 + 67163?
67165
In base 15, what is 9 + -1367a?
-13671
In base 2, what is -1 + -10010011010011?
-10010011010100
In base 12, what is 3 - -19a68?
19a6b
In base 11, what is -4 + -80859?
-80862
In base 11, what is -2 + 137a7?
137a5
In base 6, what is 4 - 55123?
-55115
In base 5, what is -1300131 + 0?
-1300131
In base 10, what is -5 - -32583?
32578
In base 8, what is -16 + -537?
-555
In base 12, what is -1b116b - 1?
-1b1170
In base 7, what is 566 - 601?
-2
In base 2, what is 100011110 + -11010001110?
-10101110000
In base 7, what is 61 + -252?
-161
In base 14, what is -d - 127aa4?
-127ab3
In base 5, what is -1 - 21141141?
-21141142
In base 13, what is 1aa50 + -33?
1aa1a
In base 15, what is -4 - 198?
-19c
In base 2, what is -101 - -1010110101011100?
1010110101010111
In base 2, what is 100001 + 101000?
1001001
In base 8, what is 70 + -42203?
-42113
In base 5, what is 20020430 + -3?
20020422
In base 4, what is -31000 - -1300131?
1203131
In base 14, what is -4 - 3840?
-3844
In base 15, what is -18d - 3a1?
-53e
In base 12, what is -37 - 3606?
-3641
In base 8, what is 3 - 672733?
-672730
In base 4, what is -213 - 111331?
-112210
In base 2, what is 100 + 1010111100111000?
1010111100111100
In base 2, what is 1010100 + 1100010010?
1101100110
In base 8, what is 2 - -370447?
370451
In base 7, what is 2 - 260050?
-260045
In base 7, what is 512502 + -1?
512501
In base 2, what is -110 + 1000110011000001?
1000110010111011
In base 6, what is 214403 + 31?
214434
In base 16, what is -3 + -473?
-476
In base 2, what is 1101 + 111110110110?
111111000011
In base 9, what is -1332811 - 4?
-1332815
In base 9, what is -428176 + 3?
-428173
In base 7, what is 1225341 + -1?
1225340
In base 5, what is -1 + 22442334?
22442333
In base 4, what is 20132001023 + 10?
20132001033
In base 5, what is 0 - -121222021?
121222021
In base 5, what is 1030022 + 2?
1030024
In base 7, what is 3161 - 11606?
-5415
In base 3, what is -21020102211 - -22?
-21020102112
In base 10, what is 7917 + 7?
7924
In base 3, what is 1021 + 211201?
212222
In base 13, what is -7928ab + 3?
-7928a8
In base 7, what is -4 - -1263?
1256
In base 13, what is 31 - 12900?
-1289c
In base 16, what is -4 - -1d01?
1cfd
In base 13, what is -8c - -1830?
1771
In base 11, what is -293 + 63?
-230
In base 8, what is -44 + -11?
-55
In base 4, what is 22 - 2231330?
-2231302
In base 14, what is -2 + 1ab6d?
1ab6b
In base 4, what is 21121023230 + -1?
21121023223
In base 6, what is 20224 - 302?
15522
In base 13, what is 4 + -a017?
-a013
In base 12, what is 2a417 + 1?
2a418
In base 12, what is -15a + 50a?
370
In base 12, what is -14 + 28aa?
2896
In base 4, what is 0 - 33111?
-33111
In base 6, what is 42 - -2251222?
2251304
In base 2, what is 10010001010001111 - 1001?
10010001010000110
In base 14, what is 12cda - -5?
12d01
In base 14, what is -1 + 2b6?
2b5
In base 2, what is 1100 + 10101101010?
10101110110
In base 16, what is -d76 - -37?
-d3f
In base 5, what is 2 + -23104?
-23102
In base 10, what is 127 + -642?
-515
In base 10, what is 103016 - 1?
103015
In base 14, what is -1 - -952d2?
952d1
In base 4, what is -130222 + 12302?
-111320
In base 5, what is -122 + 1442?
1320
In base 9, what is 231 + -50?
171
In base 13, what is -41 + -ba9?
-c1a
In base 8, what is -336 - 2706?
-3244
In base 7, what is -1 